32. What is the remainder when 39 is divided by c?
11
Suppose -63 = -5*d - t - 0*t, t = -4*d + 51. Suppose -4*u + 0*u = -d. What is the remainder when 3 is divided by u?
0
Suppose 0 = -2*a + 13 - 5. Calculate the remainder when 7 is divided by a.
3
Let k = -1 + 2. Let t(l) = 9*l**2 - l + 1. Let m = -18 - -35. What is the remainder when m is divided by t(k)?
8
Let t(p) = p + 7. Let y = -8 - -5. Calculate the remainder when t(y) is divided by 2.
0
Let m(l) = 2*l - 8. Let p = 2 - -1. What is the remainder when m(6) is divided by p?
1
Suppose 5*b = 17 - 2. Suppose -3*q + 2 = -10. Let w = q + 4. What is the remainder when w is divided by b?
2
Calculate the remainder when 53 is divided by 3 - (-11 - (0 - -4)).
17
Let x(m) = m**2 - 3*m + 2. Suppose 3*l + 0 = 6. Suppose -6 = -l*w + 2. What is the remainder when 16 is divided by x(w)?
4
Let f(m) = m**2 + 2*m + 9. Calculate the remainder when 25 is divided by f(0).
7
Let q be -1*(-2 + 0/1). Let c be (-1)/q + (-75)/(-6). Suppose 0 = -4*f - c + 48. Calculate the remainder when 26 is divided by f.
8
Let g = 14 + -9. Suppose 0 = 5*b + g*w - 70, -2*w - 20 = -0*b - b. Calculate the remainder when 2/7 + (-327)/(-7) is divided by b.
15
Let i(l) = l**3 + 8*l**2 + 4*l - 10. Let b = -9 + 2. What is the remainder when 31 is divided by i(b)?
9
Suppose 30 = 8*n - 98. Calculate the remainder when 78 is divided by n.
14
Suppose -31 = -2*d + 27. What is the remainder when d is divided by 6?
5
Suppose 0 = 4*g + g - 140. Suppose -p - g = 3*p. What is the remainder when 976/14 - 2/p is divided by 24?
22
Suppose 4*w = -z + 49, -w - 3*z + 27 = w. What is the remainder when w is divided by 5?
2
Suppose 0 = -5*l - x + 40, 36 = 2*l + l + 3*x. Let g(i) = i**2 - i - 3. Calculate the remainder when l is divided by g(3).
1
Let j be 0*(-1 - -3)/(-2). Let r = j + 13. Let v(g) = -2*g - 9. What is the remainder when r is divided by v(-7)?
3
Let a = -4 + 16. Suppose 0 = 4*s - 0*s - 140. What is the remainder when s is divided by a?
11
Suppose -7 - 2 = -3*o. Let b = o - 3. Suppose -5*a + 3*i + 68 = b, -2*a + 5*i = 3*a - 70. Calculate the remainder when 25 is divided by a.
12
Let i be -3 - ((-12)/(-3) + -2). Let f = i - -9. Suppose g = -2*q + 108, -g = f*q - 127 - 93. What is the remainder when q is divided by 19?
18
Let z(k) = -k**3 - 4*k**2 + k - 14. Let w be (9 + -2)*-1*-2. Let a = w + -10. Calculate the remainder when z(-5) is divided by a.
2
Calculate the remainder when 35 is divided by (-1 + 2 + 17)/2.
8
Let b be -17 + 4 + (-1 - 1). Let h = 65 + b. Calculate the remainder when h is divided by 13.
11
Suppose -4*b = 2*h - 26, -b = 2*h + 16 - 54. Calculate the remainder when h is divided by 12.
9
Suppose -43 = -c - 0*c - 2*s, -3*s - 156 = -3*c. Let d = 13 - -12. What is the remainder when c is divided by d?
24
Let s(q) = q**2 + 16*q + 17. Calculate the remainder when 11 is divided by s(-15).
1
Let s be 1/2*0/(-1). Suppose -n + 4 = -s. Suppose 2*g = -4*v + 38, -v - 5*g - n + 36 = 0. What is the remainder when 12 is divided by v?
5
Let b(j) = j**3 + 18*j**2 + 16*j - 14. Calculate the remainder when b(-17) is divided by (4/(-6))/((-4)/6).
0
Let y be 36/10 - 14/(-35). Suppose 0 = y*x - 108 - 20. Calculate the remainder when x is divided by 11.
10
Calculate the remainder when (-1167)/(-27) + (-4)/18 is divided by 22.
21
Suppose 0 = 5*c - 2*c - 51. Calculate the remainder when 50 is divided by c.
16
Let a(j) = -8*j + 6. Let q(b) = -b**3 - b**2 - 4. Let v be q(-2). Suppose v = -r - 1 + 25. What is the remainder when a(-5) is divided by r?
22
Calculate the remainder when ((-159)/9)/(2/(-6)) is divided by 28.
25
Suppose 10*v - 5*v - 100 = 0. Suppose -3*t - v = -7*t. Let j(i) = i**2 - 2*i + 1. Calculate the remainder when j(-2) is divided by t.
4
Suppose -5*p = -20, -2*z + 3*p = 5*p + 12. What is the remainder when 8 is divided by (-2)/4*z/1?
3
Let j = 11 + -3. What is the remainder when 17 is divided by 22/4 + 4/j?
5
Suppose -6*p = 66 - 294. Calculate the remainder when p is divided by 10.
8
Suppose 0 = 3*y - 6, 2*y = -2*a + 216 + 152. Let k = a + -109. Let o = 124 - k. What is the remainder when o is divided by 18?
15
Suppose 5*g - g = -8, 0 = 3*n + g - 10. Suppose 2*s - n - 22 = 0. What is the remainder when 1 + 0 - -1 - -36 is divided by s?
12
Let u be ((-26)/4)/((-6)/(-12)). Let h = 44 + u. Suppose 2*v - 22 = -0*v. What is the remainder when h is divided by v?
9
Let k be (3*(-44)/(-12))/(-1). Let h = 28 + 5. Let y = k + h. What is the remainder when 64 is divided by y?
20
Let u = -4 + 8. Calculate the remainder when u is divided by 3.
1
Let u(v) = -2*v + 5*v**2 - v**3 + 10*v + v**2 - 2. Calculate the remainder when u(6) is divided by 12.
10
Suppose -p + 70 = 4*p. Suppose 4*s - 5*m - 57 = 0, 0*s - 2*s - 2*m + 6 = 0. Calculate the remainder when p is divided by s.
6
Let b(p) = -p**2 - 6*p + 7. What is the remainder when 34 is divided by b(-5)?
10
Let u be (-8)/3*3/(-2). Let h(c) = c**2 - 2*c. Calculate the remainder when 31 is divided by h(u).
7
Calculate the remainder when 2/(-6)*(-357)/(-14)*-12 is divided by 26.
24
Let z(a) = a**2 + 5*a - 7. Let w be z(-7). Let g(u) = u. Calculate the remainder when g(w) is divided by 4.
3
Let i = 4 + -2. What is the remainder when 14 is divided by 1/i + (-27)/(-6)?
4
Let q(d) = d - 2. Let n be q(4). Suppose 0*j - 3*j + 12 = 0. Calculate the remainder when j is divided by 0/2 - (n - 4).
0
What is the remainder when 1 + (-1 + 0 - -47) is divided by 17?
13
Let f = 3 + 19. What is the remainder when 42 is divided by f?
20
Let l(t) = 3*t**2 - 2*t - 4. Suppose -2*i - 21 = -3*a - 3, 4*a + i = 35. Suppose 26 - a = 2*u. Calculate the remainder when l(3) is divided by u.
8
Suppose -2*y - 3 + 15 = 0. Let a be (3/y)/((-2)/(-236)). Suppose -2*g - 7 + 42 = -3*u, 5*u - a = -4*g. What is the remainder when 30 is divided by g?
14
Let m(d) = -9*d - 11. Let c be m(-9). Let i = c - 127. Let y = 97 + i. What is the remainder when y is divided by 14?
12
Suppose 5*a - w = 74, 0*w + w - 66 = -5*a. What is the remainder when a is divided by 5?
4
Calculate the remainder when (-5 + -13)*(-10)/4 is divided by 16.
13
Suppose 0 = r + p - 3*p - 20, -2*p = -2*r + 38. Calculate the remainder when 10 is divided by (-4)/r - 58/(-18).
1
Suppose -10*c = -8*c - 38. Calculate the remainder when c is divided by 4/6 - (-31)/3.
8
Let i(m) = -m**3 - 9*m**2 - 5*m - 13. Let b be i(-9). Suppose b + 58 = 5*p. Let r = -7 + 14. What is the remainder when p is divided by r?
4
Suppose 3*b = -6 + 54. Suppose -96 - 86 = -4*n + 2*r, 5*n - 233 = -3*r. What is the remainder when n is divided by b?
14
Let x(t) = 6*t - 1. Let b be x(1). Suppose b*l + 8 + 68 = -4*d, -d - 30 = 4*l. Let n = 26 + d. Calculate the remainder when n is divided by 7.
5
Calculate the remainder when -4*(1/(-4))/((-3)/(-129)) is divided by 24.
19
Let v(y) = y**3 + 10*y**2 - 2*y - 12. Let z be v(-10). Let d = 37 - z. What is the remainder when d is divided by 10?
9
Let i(y) = -y**3 - 5*y**2 - y - 5. Let m = 3 - 8. Let l be i(m). Suppose j + 9*w - 4*w - 48 = l, 5*j + 2*w = 125. What is the remainder when j is divided by 12?
11
Let p = 15 + 1. What is the remainder when 46 is divided by p?
14
Suppose 5*o = 7*o - 12. What is the remainder when o is divided by 4?
2
Suppose -90 = -2*n + 4*p - 26, -3*n + 4*p + 98 = 0. Suppose -13 + n = 3*b. What is the remainder when 12 is divided by b?
5
Suppose -5*o + 9*c - 8*c + 92 = 0, -101 = -5*o - 2*c. What is the remainder when 75 is divided by o?
18
Suppose -5*u - 2*h + 4*h + 156 = 0, -2*h + 84 = 3*u. Calculate the remainder when u is divided by 3.
0
Let x be (0/(-4 - -2))/1. Suppose x = -3*w + 2*w. What is the remainder when 25 is divided by 9 - (-1)/(-3)*w?
7
Let c(d) = -2*d**2 - 22*d - 5. Calculate the remainder when c(-9) is divided by 20.
11
Suppose -5*s + 140 = 40. What is the remainder when 78 is divided by s?
18
Let o = -41 - -98. Suppose -h + n + 8 = -19, -3*n = 3*h - o. Calculate the remainder when h is divided by 9 - (3 + -1)/2.
7
Let f(u) = -u**3 - 3*u**2 + 4. Calculate the remainder when 21 is divided by f(-3).
1
Let j be 74*(-2)/(-4) + -2. Let b = j + 6. Suppose -8 = 2*w - 36. Calculate the remainder when b is divided by w.
13
Suppose -4*r - 16 = -0, 0 = 4*b + 5*r - 248. Calculate the remainder when b is divided by 25.
17
Let b(r) be th